at is the tens digit of 1655035211?
1
What is the ten thousands digit of 171776047?
7
What is the units digit of 756068278?
8
What is the ten thousands digit of 37740965?
4
What is the units digit of 241158?
8
What is the units digit of 167001419?
9
What is the ten thousands digit of 1575225?
7
What is the billions digit of 4686944438?
4
What is the thousands digit of 743894967?
4
What is the ten millions digit of 43764146?
4
What is the hundred thousands digit of 2960680390?
6
What is the ten millions digit of 1654139211?
5
What is the ten thousands digit of 212964472?
6
What is the ten thousands digit of 119793825?
9
What is the thousands digit of 4188225641?
5
What is the hundred thousands digit of 188012113?
0
What is the thousands digit of 1413863439?
3
What is the ten millions digit of 80060059?
8
What is the ten thousands digit of 1729963451?
6
What is the hundred thousands digit of 184393531?
3
What is the tens digit of 713063268?
6
What is the millions digit of 15835180?
5
What is the tens digit of 2677131856?
5
What is the hundreds digit of 54370373?
3
What is the thousands digit of 67017774?
7
What is the thousands digit of 23288210?
8
What is the hundred thousands digit of 904021053?
0
What is the billions digit of 6868637328?
6
What is the hundred thousands digit of 317881448?
8
What is the millions digit of 263964406?
3
What is the millions digit of 18946066?
8
What is the hundred thousands digit of 1053715205?
7
What is the tens digit of 304016590?
9
What is the ten millions digit of 391453265?
9
What is the millions digit of 7293307383?
3
What is the tens digit of 9107293334?
3
What is the millions digit of 2822547208?
2
What is the ten thousands digit of 93215082?
1
What is the hundreds digit of 164860394?
3
What is the hundred thousands digit of 724540652?
5
What is the hundreds digit of 137673324?
3
What is the hundreds digit of 298261066?
0
What is the millions digit of 42308689?
2
What is the hundred thousands digit of 2825001111?
0
What is the hundred thousands digit of 47550780?
5
What is the thousands digit of 51297216?
7
What is the ten thousands digit of 14883102?
8
What is the hundred thousands digit of 844076357?
0
What is the ten thousands digit of 489348666?
4
What is the billions digit of 3213198951?
3
What is the units digit of 49664608?
8
What is the units digit of 34835649?
9
What is the ten millions digit of 306060942?
0
What is the hundred millions digit of 6024863086?
0
What is the ten millions digit of 48769105?
4
What is the hundred thousands digit of 103610441?
6
What is the hundred thousands digit of 470743738?
7
What is the hundred millions digit of 1722199302?
7
What is the hundred thousands digit of 613996323?
9
What is the units digit of 126795010?
0
What is the thousands digit of 71129769?
9
What is the billions digit of 2372900937?
2
What is the ten thousands digit of 2428486630?
8
What is the hundred millions digit of 106993809?
1
What is the hundreds digit of 618545676?
6
What is the tens digit of 1045403701?
0
What is the tens digit of 70777041?
4
What is the units digit of 2828622241?
1
What is the hundred thousands digit of 285704471?
7
What is the hundred millions digit of 302463301?
3
What is the thousands digit of 37380677?
0
What is the tens digit of 12047995?
9
What is the hundred thousands digit of 475732114?
7
What is the hundred thousands digit of 103924822?
9
What is the tens digit of 873563?
6
What is the millions digit of 17448240?
7
What is the tens digit of 265690608?
0
What is the tens digit of 3303160835?
3
What is the units digit of 449613893?
3
What is the tens digit of 6052193107?
0
What is the millions digit of 878760660?
8
What is the millions digit of 25660923?
5
What is the hundreds digit of 2415376390?
3
What is the tens digit of 22351430?
3
What is the ten millions digit of 176448634?
7
What is the hundred thousands digit of 73999940?
9
What is the hundreds digit of 698064851?
8
What is the millions digit of 12628270?
2
What is the tens digit of 699382858?
5
What is the tens digit of 1327070095?
9
What is the thousands digit of 316865608?
5
What is the hundred thousands digit of 532150141?
1
What is the hundred thousands digit of 140447174?
4
What is the hundred thousands digit of 51927170?
9
What is the millions digit of 355137178?
5
What is the hundreds digit of 275164352?
3
What is the ten thousands digit of 32159059?
5
What is the thousands digit of 87626221?
6
What is the thousands digit of 78074766?
4
What is the ten thousands digit of 2844007894?
0
What is the ten millions digit of 27078339?
2
What is the hundreds digit of 24875263?
2
What is the thousands digit of 116595247?
5
What is the ten thousands digit of 2237530?
3
What is the ten millions digit of 132051977?
3
What is the ten thousands digit of 25290415?
9
What is the ten millions digit of 84739082?
8
What is the hundreds digit of 102235933?
9
What is the hundred millions digit of 380768873?
3
What is the units digit of 3432007602?
2
What is the thousands digit of 33123564?
3
What is the ten millions digit of 1929846053?
2
What is the hundred thousands digit of 190300535?
3
What is the tens digit of 3032129800?
0
What is the billions digit of 1636502625?
1
What is the thousands digit of 550913537?
3
What is the tens digit of 524831101?
0
What is the thousands digit of 54852381?
2
What is the hundred thousands digit of 1605731628?
7
What is the units digit of 302663773?
3
What is the tens digit of 559426948?
4
What is the hundreds digit of 86206919?
9
What is the ten thousands digit of 143329941?
2
What is the tens digit of 240948466?
6
What is the hundred thousands digit of 545796577?
7
What is the hundreds digit of 14388785?
7
What is the hundred thousands digit of 76805671?
8
What is the ten millions digit of 1501378556?
0
What is the thousands digit of 195506676?
6
What is the tens digit of 14063371?
7
What is the tens digit of 44152535?
3
What is the hundred millions digit of 1382855083?
3
What is the tens digit of 319638151?
5
What is the ten millions digit of 357517512?
5
What is the hundred thousands digit of 416508234?
5
What is the units digit of 294156227?
7
What is the thousands digit of 795314568?
4
What is the tens digit of 458126101?
0
What is the hundred millions digit of 299568457?
2
What is the millions digit of 1091964542?
1
What is the thousands digit of 327688962?
8
What is the millions digit of 658377138?
8
What is the hundred thousands digit of 773752178?
7
What is the hundred thousands digit of 107007948?
0
What is the hundred thousands digit of 265892962?
8
What is the ten thousands digit of 40986052?
8
What is the hundreds digit of 63722402?
4
What is the ten millions digit of 1557363308?
5
What is the thousands digit of 176481268?
1
What is the ten millions digit of 4784504851?
8
What is the hundreds digit of 111176864?
8
What is the hundred thousands digit of 678417512?
4
What is the units digit of 5177443243?
3
What is the hundreds digit of 223244924?
9
What is the thousands digit of 485902641?
2
What is the millions digit of 322461109?
2
What is the hundred millions digit of 150140779?
1
What is the hundred thousands digit of 25959929?
9
What is the hundred millions digit of 114648966?
1
What is the tens digit of 979756179?
7
What is the hundreds digit of 1714130625?
6
What is the tens digit of 8764970?
7
What is the thousands digit of 972692888?
2
What is the hundred thousands digit of 5980384087?
3
What is the thousands digit of 1615979386?
9
What is the tens digit of 13203536?
3
What is the tens digit of 224171027?
2
What is the millions digit of 86971655?
6
What is the thousands digit of 7784974?
4
What is the hundred thousands digit of 78663861?
6
What is the ten millions digit of 4028244048?
2
What is the ten thousands digit of 7733302?
3
What is the ten thousands digit of 698319?
9
What is the hundred thousands digit of 3540548?
5
What is the thousands digit of 334402240?
2
What is the millions digit of 13015016?
3
What is the hundred thousands digit of 670306142?
3
What is the ten millions digit of 720152965?
2
What is the ten thousands digit of 4728323103?
2
What is the billions digit of 1291207575?
1
What is the hundred thousands digit of 6827408311?
4
What is